16*h + 53*h + 142*h = 16295778. What are the prime factors of h?
2, 3, 41, 71
Let m(j) = 132*j + 9 - 136*j - 2. List the prime factors of m(-44).
3, 61
Let v be 20/3*-4*(-6)/20. Suppose v*j - 3*j = 3*a + 3295, j - 5*a - 681 = 0. List the prime factors of j.
2, 41
Let y be (5937/3 + -1)/2. Suppose -y = 4*x + 711. List the prime factors of x/(-5) - (0 + -2).
3, 29
What are the prime factors of (2/(-6))/((-7)/118566)?
2, 3, 941
Suppose 60*i = 43*i + 37*i - 130560. List the prime factors of i.
2, 3, 17
Let p be 446*((-51)/(-6) - 8). Let o = p + 40. List the prime factors of o.
263
Let z(o) = -1804*o + 244. What are the prime factors of z(-4)?
2, 5, 373
What are the prime factors of (0 + (-19444)/(-6))/((-74)/(-111))?
4861
Let s(h) = 7*h**3 - 5*h**2 + 4*h. Let c(i) = -i**3 - 14*i**2 - 6*i + 16. Let v be c(-14). Let t = v + -97. What are the prime factors of s(t)?
2, 3, 13
Let u(s) be the second derivative of 7*s**5/20 + s**3/6 - s. Let x be u(1). What are the prime factors of (-413)/(-4) + -2*x/64?
103
What are the prime factors of 4 + 7/((-21)/(-1872))?
2, 157
Let z(l) = 2*l**2 - 28*l - 60. Let y be z(16). Suppose 5*x + 524 = -j + 8238, 0 = -y*x + 2*j + 6160. List the prime factors of x.
2, 3, 257
Let g(i) = 3*i**2 + 32*i + 103. What are the prime factors of g(37)?
2, 3, 29, 31
Let s = 13720 + -108. What are the prime factors of s?
2, 41, 83
Suppose -24*d - 17 = -65. Suppose -3*c = 4*w - 787 - 284, d*w + c - 533 = 0. What are the prime factors of w?
2, 3, 11
Let f(v) = -46*v**3 - 9*v**2 - 166*v - 1456. List the prime factors of f(-9).
32843
Suppose 0 = -4*k + 607 + 1733. Let a = k + -333. List the prime factors of a.
2, 3, 7
Let d(z) = z**3 + 7*z**2 - 3*z. Let s be d(-6). Suppose -s = 3*y - 408. Let q = y + -14. List the prime factors of q.
2, 13
Let h = -48 + 52. Suppose -4*z = 5*p - 1495, p - 88 - 211 = -h*z. List the prime factors of p.
13, 23
Let w be ((3/(-9))/1)/((-10)/150). Suppose w*z = -14 + 24. What are the prime factors of (-43 + -7)*2/(z/(-2))?
2, 5
Let j = 121 + -181. Let y = 491 - j. What are the prime factors of y?
19, 29
Let p(f) = -2*f + 12. Let a be p(-7). Suppose 18*j = a*j - 3400. Suppose 4*c - 5*r - j = 0, -156 - 57 = -2*c + 3*r. List the prime factors of c.
3, 5, 7
Let h(p) = -86*p - 160. What are the prime factors of h(-15)?
2, 5, 113
Let q = 37 - 33. Let z be 1 - -2 - 192/q. Let s = 7 - z. List the prime factors of s.
2, 13
Let y(p) = -59*p - 18. What are the prime factors of y(-4)?
2, 109
What are the prime factors of 7034175/221 + 16 + 8/52?
3, 5, 11, 193
Let u = -240 - -592. Suppose u = 4*j + 4*k - 8*k, -3*k - 6 = 0. List the prime factors of -1*3/12*-2*j.
43
Let h = -128 - -150. Suppose v + 4*v - 135 = 0. Let s = h + v. List the prime factors of s.
7
Let f(z) = 11*z**2 - 5*z + 32. Let i(l) = -3*l**2 - 12*l + 6. Let n be i(-4). List the prime factors of f(n).
2, 199
Suppose -3 = -2*n - t, 5*n - 9 = 3*t - 6*t. Let u(j) = 12*j**2 + n*j + 3 - 9 + j - 1. List the prime factors of u(3).
2, 13
Let i(j) = -j**3 + 46*j**2 - 90*j + 88. Let t be i(44). Suppose -2*l + 320 = -g, t = 3*l + g - 6*g - 494. What are the prime factors of l?
2, 79
Suppose -3*x = -6*x + 3*a + 9, -5*a + 12 = 4*x. Suppose -4*t + 812 = -4*k, -t + 2*k - 414 = -x*t. What are the prime factors of t?
5, 41
Suppose -6*d + 12 = -0*d. Suppose 329 = d*c - 3*b, 4*c + 44 - 681 = -b. Suppose -7*z = -155 - c. List the prime factors of z.
3, 5
Let z(l) = 17*l - 10. Let w be (-6 - -9) + (1 - 0). Let t be z(w). Suppose 0*s - 2*s = -t. What are the prime factors of s?
29
List the prime factors of 1 + 0 + 3 + (2139 - -168).
2311
Suppose 2*a + 4*u - 3318 - 11216 = 0, 21777 = 3*a - 2*u. List the prime factors of a.
53, 137
Suppose 0 = -2*l + 7*l + 4*v + 40, -2*v = 0. Suppose 0 = p + 4*p - 10. What are the prime factors of (-6783)/(-38) - p/l*2?
179
Let n(o) = 29*o + 87. Let v(f) = 30*f + 85. Let r(i) = 7*n(i) - 6*v(i). What are the prime factors of r(0)?
3, 11
Suppose 1816 = -6*d + 112. What are the prime factors of d/((-2)/(-4)*-4)?
2, 71
Suppose -5*t = -4*p + 23951, 103*p = 99*p - 6*t + 23962. What are the prime factors of p?
53, 113
Suppose -94*g + 97*g = -24. Let u(t) = -2*t**3 - 6*t**2 + 22*t + 19. What are the prime factors of u(g)?
3, 7, 23
Let s(p) = 288*p**2 - 107*p + 868. List the prime factors of s(9).
7, 3319
Suppose 21*p - 17*p = -5*x + 100822, 0 = 5*p + 4*x - 126014. What are the prime factors of p?
2, 43, 293
Let w(t) = -t**2 + 20*t + 3. Let y = -55 - -55. Suppose y = -12*c + 101 + 7. List the prime factors of w(c).
2, 3, 17
Let y(u) = -687*u + 2973. What are the prime factors of y(-43)?
2, 3, 5419
Suppose 5*i - 70260 = -2*d, -2*d - 72 + 72 = 0. List the prime factors of i.
2, 3, 1171
List the prime factors of (6 - 16) + (12 - -22582) + -7.
107, 211
What are the prime factors of (0 - 2) + (43 - -6075)?
2, 11, 139
Let v = 12363 + 264. What are the prime factors of v?
3, 23, 61
Let i(l) = 43*l**2 - 46*l - 274. Let y(m) = -m**3 - 21*m**2 - 24*m - 86. Let x be y(-20). What are the prime factors of i(x)?
2, 5, 31
Suppose -10 = 13*v + 81. Let u(h) = -3*h**3 - 3*h**2 + 7*h + 25. What are the prime factors of u(v)?
2, 3, 11, 13
Let b = 1024 - 1022. Let d(z) = -2*z - 1. Let x be d(1). List the prime factors of ((118/(-6) - -4) + b)*x.
41
Let n = -14535 + 32775. List the prime factors of n.
2, 3, 5, 19
List the prime factors of (111/148 + -21)*(128 - 1)*-36.
3, 127
Suppose 0 = 6*g - 381 - 1281. Let s = -149 + g. Let k = -81 + s. List the prime factors of k.
47
Let v(o) = 18*o**3 + 3*o**2 - 6*o + 7. Let l = 42 - 39. Let k be v(l). Suppose -i = 2*h - 4*h + 507, 2*h - k = -4*i. What are the prime factors of h?
11, 23
Let d(f) = -f**2 - 3*f + 243. Let u be d(14). What are the prime factors of (4660/u - -5) + 8?
3, 5, 7
Let v(o) = -13*o**3 - 3*o**2 + 2*o + 1. Let u be v(-1). List the prime factors of 552508/396 + (-2)/u.
3, 5, 31
Let x be (124 - -6) + (0/3 - 2). Let q = 283 - x. List the prime factors of q.
5, 31
Let i = -445 - -754. Let a = -300 + i. List the prime factors of a.
3
Suppose -10*v - 11 = -31. Suppose 3*o + 2147 = v*l, 0 = 3*l + 3*o - 4669 + 1456. What are the prime factors of l?
2, 67
Let j = 69 - 68. List the prime factors of j/(2/202*(-1 - -2)).
101
Let z(s) = 1045*s. Let q be z(-1). Let r = -578 - q. Suppose -5*j + r = 92. What are the prime factors of j?
3, 5
Let c be (12/(-14))/((-246)/(-84) - 3). Let w = 14 - c. What are the prime factors of -1 + 119 + w + 1?
11
Suppose -86162 - 246154 = -68*v. List the prime factors of v.
3, 181
Let z(i) = 2*i**2 - 117*i - 93. Let b(t) = 41*t + 31. Let n(p) = 17*b(p) + 6*z(p). Let f be (-2)/4 + 7/(-2). List the prime factors of n(f).
181
Let k(c) = 30*c**2 + 9*c - 17. Let w(j) = 7*j**2 + 2*j - 4. Let f(p) = 4*k(p) - 18*w(p). Let t = -1 - -1. What are the prime factors of f(t)?
2
Suppose -8*u = -12*u + 132. Let d = 31 - u. What are the prime factors of (-2043)/(-18) + (-3)/d?
5, 23
Let d be 2*1 + -4*(-12)/24. List the prime factors of (d + 2)*(-1623)/(-9).
2, 541
Let c(g) = 3*g**2 - 11*g - 8. Suppose 5*p = -w + 2*w + 39, w = 4*p - 32. Let v be c(p). Let q = v - -39. List the prime factors of q.
101
Suppose 12*a = 5*a + 6608. Let g = 2269 - a. What are the prime factors of g?
5, 53
Let v(c) = -c**3 + 26*c**2 - 21*c - 32. Let x be v(25). Suppose 2*r + 10 = 7*r, g + r - x = 0. Let o = 34 + g. What are the prime factors of o?
2, 5
Let g(y) = 18099*y - 213. What are the prime factors of g(3)?
2, 3, 4507
Let y = 21650 - 11338. List the prime factors of y.
2, 1289
Let o(n) = -15*n**3 - 42*n**2 - 148*n + 67. List the prime factors of o(-15).
2, 31, 701
Let z = -12 - -21. Let d be 314/(-6) - (-3)/z. Let i = 72 + d. List the prime factors of i.
2, 5
Let z = -49 + 103. Let i = z - 46. Suppose -2*o = i*o - 450. List the prime factors of o.
3, 5
Let j(o) = 4*o**3 + 17*o**2 + 19*o - 67. List the prime factors of j(9).
4397
Suppose 4*j - 2633*u + 2636*u = 9512, -2383 = -j - 2*u. What are the prime factors of j?
5, 19
Let w be (1/(3/(-6)))/2 + 57. Suppose 0*c + c - w = 4*q, 0 = 3*c + 2*q - 126. List the prime factors of c.
2, 11
Suppose 2 = m - 3, -5*z + 10 = -4*m. Let k(x) be the second derivative of 23*x**3/6 - 17*x**2 - 1334*x. What are the prime factors of k(z)?
2, 13
Suppose -2*y - g + 304 = 0, 5*y - y - 610 = -3*g. Suppose i + 2